 -3?
3405
In base 15, what is 2 - 114?
-112
In base 11, what is -56 + 2?
-54
In base 3, what is 11 - 20010102?
-20010021
In base 6, what is -412 - -3?
-405
In base 3, what is 10222111 + -1?
10222110
In base 12, what is -9 - 3?
-10
In base 6, what is 2331 - -1?
2332
In base 2, what is 11001001 + -11?
11000110
In base 13, what is 1ab + 3?
1b1
In base 9, what is 8 + 37?
46
In base 16, what is -1abc + 3?
-1ab9
In base 10, what is -22 - 28?
-50
In base 8, what is 663 + -1?
662
In base 10, what is 0 - 223?
-223
In base 14, what is 5 + -8b4?
-8ad
In base 13, what is 12 + 2?
14
In base 13, what is 84 + 0?
84
In base 15, what is cc4 - -5?
cc9
In base 4, what is -12202 + -10?
-12212
In base 6, what is -440 - -4?
-432
In base 8, what is 12 - -36?
50
In base 7, what is 2114 - 55?
2026
In base 3, what is 1102 - -10?
1112
In base 13, what is 1bb8 + -4?
1bb4
In base 4, what is 11 - -303?
320
In base 4, what is -10000 + 0?
-10000
In base 8, what is -136 + 1?
-135
In base 13, what is -818 - 3?
-81b
In base 8, what is -16 - -466?
450
In base 3, what is 1020 + -101?
212
In base 11, what is 79 + 52?
120
In base 16, what is -23 + 4?
-1f
In base 15, what is -57 - -76?
1e
In base 10, what is -1 - -36?
35
In base 8, what is 4 - -2374?
2400
In base 3, what is 10212020 - 11?
10212002
In base 9, what is 235 - 2?
233
In base 5, what is -2 + 1143?
1141
In base 9, what is 144 - -25?
170
In base 8, what is -3 + -544?
-547
In base 9, what is 66 + 5?
72
In base 10, what is 46 - -19?
65
In base 9, what is -258 + 21?
-237
In base 13, what is -3c + 2?
-3a
In base 7, what is 2566 - -22?
2621
In base 6, what is -4 + 30150?
30142
In base 16, what is -55 - 3?
-58
In base 14, what is -74 + b?
-67
In base 14, what is -11 - -4?
-b
In base 7, what is 50 - -23?
103
In base 5, what is -4044 - 1?
-4100
In base 2, what is 0 + -101011?
-101011
In base 10, what is 5 + -701?
-696
In base 13, what is -3 + 2c1?
2bb
In base 14, what is 27 - 29?
-2
In base 14, what is 1b84 - -1?
1b85
In base 2, what is -1011111 + 101?
-1011010
In base 3, what is -102 - -22?
-10
In base 14, what is 4 - -24?
28
In base 14, what is 13 - 4b?
-38
In base 11, what is 1a + 277?
296
In base 10, what is 5 + -125?
-120
In base 2, what is -10 - -10011001?
10010111
In base 6, what is -4 - 134?
-142
In base 15, what is -5 - 59?
-5e
In base 2, what is -1 + -111001?
-111010
In base 16, what is -2 + 13?
11
In base 13, what is -29 + 3?
-26
In base 4, what is 11302 + 3?
11311
In base 12, what is 32 + 8?
3a
In base 16, what is 1 - -24?
25
In base 8, what is -2106 + -4?
-2112
In base 5, what is 10 + -2040?
-2030
In base 12, what is 8a7 + 2?
8a9
In base 5, what is 10 - -1232?
1242
In base 7, what is -3 + -5521?
-5524
In base 2, what is -111110 + 10010?
-101100
In base 5, what is -31 - -14?
-12
In base 4, what is 122 + -221?
-33
In base 16, what is 853 - 7?
84c
In base 14, what is 0 + -db0?
-db0
In base 10, what is -2 - 9?
-11
In base 15, what is 27 + 2a?
52
In base 2, what is 10 + 100001110100?
100001110110
In base 2, what is -111 + 101000?
100001
In base 10, what is 909 + 0?
909
In base 8, what is 77 - 7?
70
In base 9, what is -1 + 74?
73
In base 11, what is 38 + -92?
-55
In base 13, what is -10b - -3?
-108
In base 8, what is -255 - 265?
-542
In base 14, what is 5a - 6?
54
In base 6, what is 25014 - 3?
25011
In base 8, what is -4 - -376?
372
In base 3, what is 121202011 - -12?
121202100
In base 15, what is 2 + -52?
-50
In base 7, what is 3 - -11035?
11041
In base 7, what is 1 + -3?
-2
In base 11, what is 186 + -1?
185
In base 5, what is -104323 + -4?
-104332
In base 9, what is 16 + 34?
51
In base 8, what is -5 + 46?
41
In base 11, what is 6 + -164?
-159
In base 9, what is 348 + -3?
345
In base 10, what is -5178 + 0?
-5178
In base 3, what is 10 - -111210121?
111210201
In base 11, what is -1 - 608?
-609
In base 2, what is -11011101110100 + -10?
-11011101110110
In base 13, what is 1955 - 0?
1955
In base 6, what is -21 - 2400?
-2421
In base 2, what is 110010 + 101?
110111
In base 5, what is 0 + -22343?
-22343
In base 8, what is 546 + -63?
463
In base 6, what is -2 - -134?
132
In base 5, what is -13112 - 12?
-13124
In base 13, what is 982 + 2?
984
In base 13, what is -20 - -1b5?
195
In base 15, what is -243 - 6?
-249
In base 5, what is -32011 - 1?
-32012
In base 6, what is -4 - 2222?
-2230
In base 8, what is 1 - 44?
-43
In base 7, what is 1 + -1453?
-1452
In base 7, what is -3 + 10?
4
In base 15, what is -52 + -1a?
-6c
In base 8, what is -5 + 1205?
1200
In base 4, what is -32 + 1220?
1122
In base 15, what is 3859 + -5?
3854
In base 7, what is -1 - -231?
230
In base 12, what is 251 + 0?
251
In base 4, what is 2002 + 32?
2100
In base 14, what is 17 - -2?
19
In base 11, what is -912 + -1?
-913
In base 14, what is -2 - 5b5?
-5b7
In base 6, what is -521 + -3?
-524
In base 4, what is 113 + 322?
1101
In base 2, what is 1001101100 - -10010?
1001111110
In base 6, what is 5 - 4111?
-4102
In base 3, what is 2 + 10100?
10102
In base 4, what is 1020 + 2?
1022
In base 4, what is 2320030 + 3?
2320033
In base 11, what is 12 + 19?
30
In base 5, what is 1 - 223?
-222
In base 2, what is 11101111 - -100?
11110011
In base 15, what is -8 - 11a?
-123
In base 5, what is 442 + -13?
424
In base 2, what is -1 + 1000010?
1000001
In base 3, what is -200 + -202?
-1102
In base 11, what is 343 + 4?
347
In base 8, what is 41234 + -3?
41231
In base 10, what is -3 - -109?
106
In base 13, what is -1317 - 11?
-1328
In base 11, what is -21 - -a9?
88
In base 15, what is -51a - 0?
-51a
In base 3, what is -1220 + 2?
-1211
In base 2, what is -100 + -11100?
-100000
In base 10, what is -32 + 13?
-19
In base 15, what is 1d6 - 0?
1d6
In base 7, what is -6 + 31?
22
In base 2, what is 1001101 - -11?
1010000
In base 11, what is -1921 - -3?
-1919
In base 3, what is -100 - 1020?
-1120
In base 11, what is 2a11a - -5?
2a124
In base 2, what is 101011 + -1111?
11100
In base 13, what is 0 + -71?
-71
In base 5, what is -30023 - -14?
-30004
In base 2, what is -1 - -10000?
1111
In base 16, what is c7a - -4?
c7e
In base 8, what is -2117 - -1?
-2116
In base 4, what is 3023 + 1?
3030
In base 5, what is 3223 - -4?
3232
In base 16, what is -5 + -22?
-27
In base 11, what is -9 + -9?
-17
In base 3, what is 2 - 12022200?
-12022121
In base 3, what is -101211 - 0?
-101211
In base 8, what is 1 + 54?
55
In base 13, what is 712 - -4?
716
In base 4, what is 1 - -23?
30
In base 4, what is -10 + 31?
21
In base 4, what is -120320 + -13?
-120333
In base 9, what is -1 + 4354?
4353
In base 9, what is -14 + -2121?
-2135
In base 5, what is -4204 - -10?
-4144
In base 8, what is -51 - -1?
-50
In base 13, what is 1 - -c4?
c5
In base 4, what is 1132 + 11?
1203
In base 7, what is 4 - 333?
-326
In base 5, what is -213 + -40?
-303
In base 6, what is -155415 - -4?
-155411
In base 10, what is -20 - 153?
-173
In base 15, what is -3 - c8c?
-c90
In base 16, what is -29 + 0?
-29
In base 3, what is 12101221 + -11?
12101210
In base 16, what is 1a1 + b?
1ac
In base 13, what is 33 - -5?
38
In base 10, what is -74 + 4?
-70
In base 11, what is 10 + 265?
275
In base 13, what is -4 - -1436?
1432
In base 13, what is -3 + b56?
b53
In base 4, what is -133 - -33?
-100
In base 5, what is 1 + -23?
-22
In base 14, what is -5 + -45?
-4a
In base 13, what is -140 + 4?
-139
In base 12, what is 51 + 6?
57
In base 10, what is -3 - -1458?
1455
In base 10, what is 4 - -1381?
1385
In base 15, what is -44 - 0?
-44
In base 2, what is -100111 - 11100?
-1000011
In base 3, what is 11200 - -2120?
21020
In base 12, what is 588 - -5?
591
In base 2, what is -110 + 101011100001?
101011011011
In base 5, what is -1024 - 123?
-1202
In base 7, what is 50 - -23?
103
In base 8, what is 6 + -5633?
-5625
In base 13, what is -4 + -22?
-26
In base 14, what is 238 + -24?
214
In base 6, what is -21 + -124?
-145
In base 4, what is -1332033 + 11?
-1332022
In base 9, what is -5 + 87?
82
In base 7, what is 422 - -5?
430
In base 14, what is 5 - 2?
3
In base 7, what is 123 - -1215?
1341
In base 3, what is 1120 - -2?
1122
In base 4, what is 13113 + -13?
13100
In base 3, what is 1012 + 1102?
2121
In base 5, what is 2420 - 31?
2334
In base 11, what is -1584 - -4?
-1580
In base 5, what is 11 - 10404?
-10343
In base 4, what is -102 - -112?
10
In base 11, what is -1246 - 4?
-124a
In